onvert 0 (base 16) to base 13.
0
Convert 18 (base 11) to base 13.
16
-14 (base 6) to base 16
-a
185 (base 11) to base 3
21221
What is 1 (base 6) in base 11?
1
11 (base 2) to base 3
10
Convert 3001 (base 4) to base 16.
c1
What is -b (base 15) in base 6?
-15
2 (base 3) to base 12
2
100 (base 7) to base 16
31
Convert 100010 (base 2) to base 13.
28
Convert 11122 (base 3) to base 7.
236
18 (base 12) to base 11
19
-2 (base 12) to base 15
-2
What is -4 (base 9) in base 16?
-4
What is 2 (base 11) in base 13?
2
Convert -6 (base 9) to base 11.
-6
Convert 233 (base 10) to base 8.
351
Convert b6 (base 13) to base 12.
105
What is 3 (base 5) in base 6?
3
4 (base 12) to base 3
11
Convert -3 (base 6) to base 13.
-3
What is -78 (base 10) in base 15?
-53
-164 (base 8) to base 4
-1310
Convert -31 (base 10) to base 13.
-25
What is 10 (base 2) in base 8?
2
What is -68 (base 9) in base 15?
-42
Convert 0 (base 9) to base 6.
0
Convert -15 (base 6) to base 11.
-10
Convert -8 (base 13) to base 15.
-8
505 (base 8) to base 13
1c0
Convert 231 (base 5) to base 6.
150
Convert -9 (base 11) to base 7.
-12
What is 122 (base 5) in base 16?
25
Convert 4 (base 10) to base 2.
100
What is 2313 (base 4) in base 2?
10110111
What is -1 (base 10) in base 15?
-1
Convert 63 (base 7) to base 2.
101101
What is 231 (base 9) in base 2?
10111110
-2 (base 4) to base 9
-2
Convert -2 (base 3) to base 16.
-2
Convert 4a (base 16) to base 5.
244
What is -2 (base 10) in base 14?
-2
10022 (base 3) to base 8
131
1 (base 2) to base 5
1
What is -4 (base 11) in base 7?
-4
10011 (base 2) to base 8
23
What is -212 (base 5) in base 2?
-111001
What is -32 (base 13) in base 5?
-131
12 (base 7) to base 10
9
-1 (base 2) to base 3
-1
d (base 16) to base 13
10
Convert 4 (base 6) to base 7.
4
Convert -5 (base 7) to base 8.
-5
Convert 110 (base 4) to base 6.
32
-3 (base 7) to base 13
-3
What is 1c (base 16) in base 8?
34
Convert -117 (base 8) to base 7.
-142
What is 101 (base 3) in base 12?
a
352 (base 6) to base 5
1030
23 (base 11) to base 15
1a
-100 (base 3) to base 6
-13
3 (base 12) to base 5
3
What is -1 (base 13) in base 14?
-1
What is -1241 (base 5) in base 16?
-c4
-2 (base 4) to base 5
-2
Convert -2 (base 7) to base 2.
-10
What is -67 (base 9) in base 7?
-115
2 (base 6) to base 7
2
What is 2 (base 5) in base 4?
2
Convert -16 (base 10) to base 9.
-17
-9 (base 13) to base 3
-100
-1a (base 11) to base 3
-210
4 (base 8) to base 2
100
1 (base 14) to base 2
1
What is 17 (base 16) in base 12?
1b
Convert -28 (base 16) to base 5.
-130
1 (base 4) to base 14
1
What is 2 (base 4) in base 2?
10
What is -3130 (base 4) in base 11?
-190
What is -20 (base 9) in base 15?
-13
What is 4 (base 16) in base 8?
4
What is 13 (base 7) in base 14?
a
Convert 1110 (base 2) to base 16.
e
5 (base 8) to base 11
5
1a (base 11) to base 15
16
2 (base 15) to base 14
2
89 (base 12) to base 3
10220
What is 1110 (base 3) in base 15?
29
What is -3 (base 16) in base 7?
-3
What is a7 (base 16) in base 14?
bd
Convert -5 (base 14) to base 6.
-5
-1 (base 16) to base 2
-1
Convert 10 (base 5) to base 13.
5
-9 (base 16) to base 4
-21
-5 (base 12) to base 6
-5
Convert -1111 (base 2) to base 15.
-10
-a6 (base 15) to base 9
-183
What is 18 (base 16) in base 6?
40
What is b8 (base 12) in base 13?
aa
-30 (base 8) to base 14
-1a
What is -59 (base 12) in base 6?
-153
Convert -1 (base 15) to base 13.
-1
27 (base 13) to base 16
21
Convert -121 (base 4) to base 14.
-1b
Convert -10 (base 7) to base 10.
-7
-3 (base 13) to base 10
-3
-51 (base 8) to base 12
-35
1b (base 16) to base 4
123
Convert -2 (base 12) to base 6.
-2
Convert 6 (base 14) to base 2.
110
Convert -1 (base 9) to base 11.
-1
9 (base 13) to base 8
11
Convert 0 (base 10) to base 6.
0
Convert -2 (base 15) to base 6.
-2
What is -4a (base 14) in base 10?
-66
7b (base 14) to base 11
9a
Convert -110 (base 4) to base 7.
-26
What is 0 (base 6) in base 8?
0
What is -11010 (base 2) in base 5?
-101
-1 (base 8) to base 2
-1
Convert -3100 (base 4) to base 6.
-544
Convert 38 (base 14) to base 9.
55
Convert -4 (base 9) to base 11.
-4
What is -4 (base 10) in base 8?
-4
Convert 1 (base 16) to base 9.
1
1010 (base 2) to base 4
22
What is -1100001 (base 2) in base 5?
-342
What is -4 (base 5) in base 15?
-4
-107 (base 12) to base 11
-128
1210 (base 3) to base 9
53
-7 (base 9) to base 13
-7
What is 0 (base 11) in base 9?
0
What is -c (base 16) in base 14?
-c
Convert 2 (base 3) to base 14.
2
12 (base 6) to base 2
1000
-2c (base 13) to base 10
-38
Convert -2 (base 9) to base 14.
-2
-2 (base 16) to base 3
-2
Convert -10 (base 6) to base 9.
-6
Convert 14 (base 12) to base 15.
11
Convert -112 (base 3) to base 15.
-e
What is 34 (base 5) in base 15?
14
-11101 (base 3) to base 11
-a8
What is 8 (base 11) in base 10?
8
Convert -35 (base 9) to base 13.
-26
Convert 31 (base 11) to base 12.
2a
-bf (base 16) to base 12
-13b
What is 103 (base 4) in base 14?
15
-109 (base 13) to base 10
-178
50 (base 15) to base 3
2210
133 (base 6) to base 4
321
Convert ca (base 13) to base 16.
a6
Convert -19 (base 16) to base 6.
-41
-131 (base 4) to base 7
-41
Convert 110000 (base 2) to base 8.
60
-46 (base 11) to base 3
-1212
Convert -1 (base 10) to base 15.
-1
-3 (base 4) to base 3
-10
What is 0 (base 10) in base 15?
0
Convert 1 (base 7) to base 16.
1
Convert 100011 (base 2) to base 6.
55
What is 5 (base 13) in base 12?
5
-45 (base 14) to base 6
-141
-1 (base 4) to base 10
-1
Convert 110111 (base 2) to base 3.
2001
What is 3 (base 5) in base 2?
11
What is 5 (base 8) in base 5?
10
40 (base 12) to base 3
1210
What is -97 (base 15) in base 7?
-262
Convert -12 (base 5) to base 12.
-7
-6 (base 7) to base 2
-110
What is 1 (base 10) in base 8?
1
What is 3 (base 4) in base 10?
3
1 (base 7) to base 16
1
-2b (base 13) to base 2
-100101
22 (base 6) to base 10
14
134 (base 6) to base 7
112
-2 (base 15) to base 6
-2
Convert 2 (base 16) to base 15.
2
What is -5 (base 9) in base 2?
-101
Convert 1 (base 5) to base 7.
1
What is 145 (base 11) in base 10?
170
-5 (base 8) to base 15
-5
What is -256 (base 7) in base 4?
-2023
Convert -4 (base 10) to base 8.
-4
What is -10100 (base 2) in base 14?
-16
1 (base 16) to base 14
1
Convert 16 (base 13) to base 2.
10011
What is -1 (base 3) in base 10?
-1
-13 (base 13) to base 5
-31
What is -11b (base 12) in base 3?
-20012
What is 14 (base 5) in base 11?
9
Convert -a (base 14) to base 9.
-11
Convert 0 (base 3) to base 4.
0
Convert 222 (base 3) to base 5.
101
-110 (base 12) to base 16
-9c
Convert -20011 (base 3) to base 9.
-204
What is -10 (base 14) in base 6?
-22
2 (base 11) to base 7
2
Convert -13 (base 4) to base 10.
-7
What is -43 (base 6) in base 7?
-36
-7 (base 15) to base 9
-7
What is 9 (base 10) in base 15?
9
Convert -10010 (base 2) to base 4.
-102
What is 1 (base 15) in base 6?
1
What is -3 (base 4) in base 9?
-3
What is -14 (base 5) in base 15?
-9
-164 (base 8) to base 7
-224
78 (base 10) to base 14
58
Convert 6 (base 8) to base 11.
6
Convert 161 (base 9) to base 16.
88
What is -20 (base 4) in base 8?
-10
Convert 10 (base 5) to base 3.
12
-5 (base 7) to base 13
-5
What is -3 (base 10) in base 15?
-3
0 (base 10) to base 16
0
Convert 31 (base 8) to base 9.
27
What is -12 (base 3) in base 4?
-11
-10 (base 10) to base 13
-a
55 (base 9) to base 3
1212
Convert 15 (base 9) to base 7.
20
Convert 48 (base 10) to base 4.
300
3 (base 8) to base 3
10
What is 4 (base 7) in base 2?
100
1 (base 8) to base 12
1
-3 (base 6) to base 4
-3
26 (base 13) to base 11
2a
Convert -13 (base 9) to base 4.
-30
23 (base 5) to base 10
13
14 (base 5) to base 9
10
What is 15 (base 6) in base 12?
b
Convert -1021 (base 3) to base 10.
-34
304 (base 6) to base 5
422
1 (base 3) to base 5
1
Convert 3 (base 4) to base 14.
3
Convert 3 (base 4) to base 8.
3
What is 1111 (base 2) in base 14?
11
What is 0 (base 7) in base 16?
0
Convert 1 (base 7) to base 10.
1
-121 (base 3) to base 2
-10000
-3 (base 11) to base 16
-3
Convert 31 (base 11) to base 9.
37
Convert -133 (base 8) to base 15.
-61
Convert -100010 (base 2) to base 5.
-114
-71 (base 15) to base 7
-211
Convert dd (base 14) to base 7.
366
What is 14 (base 5) in base 12?
9
-113 (base 5) to base 4
-201
What is 4c (base 13) in base 10?
64
What is 31 (base 6) in base 16?
13
Convert -110 (base 2) to base 14.
-6
Con